{"id":574,"date":"2026-04-17T23:06:20","date_gmt":"2026-04-17T23:06:20","guid":{"rendered":"https:\/\/almaz-gmbh.com\/?page_id=574"},"modified":"2026-04-17T23:06:20","modified_gmt":"2026-04-17T23:06:20","slug":"impressum","status":"publish","type":"page","link":"https:\/\/almaz-gmbh.com\/index.php\/impressum\/","title":{"rendered":"Impressum"},"content":{"rendered":"\n<h2 class=\"wp-block-heading\">Impressum<\/h2>\n\n\n\n<p><strong>Angaben gem\u00e4\u00df \u00a7 5 TMG<\/strong><\/p>\n\n\n\n<p><strong>Almaz GmbH<\/strong><br>Siezenheimer Stra\u00dfe 35<br>5020 Salzburg<br>\u00d6sterreich<\/p>\n\n\n\n<hr class=\"wp-block-separator has-alpha-channel-opacity\"\/>\n\n\n\n<h2 class=\"wp-block-heading\">Unternehmensinformationen<\/h2>\n\n\n\n<p>Firmenbuchnummer: FN 624986y<br>USt-IdNr.: ATU80931226<\/p>\n\n\n\n<hr class=\"wp-block-separator has-alpha-channel-opacity\"\/>\n\n\n\n<h2 class=\"wp-block-heading\">Gesetzlicher Vertreter<\/h2>\n\n\n\n<p>Gesch\u00e4ftsf\u00fchrer: Almaz GmbH<\/p>\n\n\n\n<hr class=\"wp-block-separator has-alpha-channel-opacity\"\/>\n\n\n\n<h2 class=\"wp-block-heading\">Verantwortlich f\u00fcr den Inhalt gem\u00e4\u00df \u00a7 18 Abs. 2 MStV<\/h2>\n\n\n\n<p>Almaz GmbH<br>Siezenheimer Stra\u00dfe 35<br>5020 Salzburg<br>\u00d6sterreich<\/p>\n\n\n\n<hr class=\"wp-block-separator has-alpha-channel-opacity\"\/>\n\n\n\n<h2 class=\"wp-block-heading\">Kontakt<\/h2>\n\n\n\n<p>Telefon: +43 678 70418178<br>E-Mail: <a>info@almazgmbh.at<\/a><br>Website: (Ihre Website URL einf\u00fcgen)<\/p>\n\n\n\n<p><strong>Reaktionszeit:<\/strong> innerhalb von 48 Stunden an Werktagen<\/p>\n\n\n\n<hr class=\"wp-block-separator has-alpha-channel-opacity\"\/>\n\n\n\n<h2 class=\"wp-block-heading\">EU-Streitschlichtung<\/h2>\n\n\n\n<p>Die Europ\u00e4ische Kommission stellt eine Plattform zur Online-Streitbeilegung (OS) bereit:<br><a href=\"https:\/\/ec.europa.eu\/consumers\/odr\">https:\/\/ec.europa.eu\/consumers\/odr<\/a><\/p>\n\n\n\n<p>Unsere E-Mail-Adresse finden Sie oben im Impressum.<\/p>\n\n\n\n<hr class=\"wp-block-separator has-alpha-channel-opacity\"\/>\n\n\n\n<h2 class=\"wp-block-heading\">Verbraucherstreitbeilegung<\/h2>\n\n\n\n<p>Almaz GmbH ist weder verpflichtet noch bereit, an Streitbeilegungsverfahren vor einer Verbraucherschlichtungsstelle teilzunehmen.<\/p>\n\n\n\n<hr class=\"wp-block-separator has-alpha-channel-opacity\"\/>\n\n\n\n<h2 class=\"wp-block-heading\">Haftung f\u00fcr Inhalte<\/h2>\n\n\n\n<p>Die Inhalte unserer Seiten wurden mit gr\u00f6\u00dfter Sorgfalt erstellt.<br>F\u00fcr die Richtigkeit, Vollst\u00e4ndigkeit und Aktualit\u00e4t der Inhalte k\u00f6nnen wir jedoch keine Gew\u00e4hr \u00fcbernehmen.<\/p>\n\n\n\n<hr class=\"wp-block-separator has-alpha-channel-opacity\"\/>\n\n\n\n<h2 class=\"wp-block-heading\">Haftung f\u00fcr Links<\/h2>\n\n\n\n<p>Unsere Website enth\u00e4lt Links zu externen Websites Dritter.<br>Auf deren Inhalte haben wir keinen Einfluss. F\u00fcr diese fremden Inhalte \u00fcbernehmen wir keine Haftung.<br>F\u00fcr die Inhalte der verlinkten Seiten ist stets der jeweilige Anbieter oder Betreiber der Seiten verantwortlich.<\/p>\n\n\n\n<hr class=\"wp-block-separator has-alpha-channel-opacity\"\/>\n\n\n\n<h2 class=\"wp-block-heading\">Vollst\u00e4ndige Kontaktdaten<\/h2>\n\n\n\n<p>Almaz GmbH<br>Siezenheimer Stra\u00dfe 35<br>5020 Salzburg<br>\u00d6sterreich<\/p>\n\n\n\n<p>Telefon: +43 678 70418178<br>E-Mail: <a>info@almazgmbh.at<\/a><\/p>\n\n\n\n<p>Firmenbuchnummer: FN 624986y<br>USt-IdNr.: ATU80931226<\/p>\n","protected":false},"excerpt":{"rendered":"<p>Impressum Angaben gem\u00e4\u00df \u00a7 5 TMG Almaz GmbHSiezenheimer Stra\u00dfe 355020 Salzburg\u00d6sterreich Unternehmensinformationen Firmenbuchnummer: FN 624986yUSt-IdNr.: ATU80931226 Gesetzlicher Vertreter Gesch\u00e4ftsf\u00fchrer: Almaz GmbH Verantwortlich f\u00fcr den Inhalt gem\u00e4\u00df \u00a7 18 Abs. 2 MStV Almaz GmbHSiezenheimer Stra\u00dfe 355020 Salzburg\u00d6sterreich Kontakt Telefon: +43 678 70418178E-Mail: info@almazgmbh.atWebsite: (Ihre Website URL einf\u00fcgen) Reaktionszeit: innerhalb von 48 Stunden an Werktagen EU-Streitschlichtung Die [&hellip;]<\/p>\n","protected":false},"author":1,"featured_media":0,"parent":0,"menu_order":0,"comment_status":"closed","ping_status":"closed","template":"","meta":{"footnotes":""},"class_list":["post-574","page","type-page","status-publish","hentry"],"blocksy_meta":{"page_structure_type":"type-3","has_hero_section":"disabled","styles_descriptor":{"styles":{"desktop":"","tablet":"","mobile":""},"google_fonts":[],"version":6}},"_links":{"self":[{"href":"https:\/\/almaz-gmbh.com\/index.php\/wp-json\/wp\/v2\/pages\/574","targetHints":{"allow":["GET"]}}],"collection":[{"href":"https:\/\/almaz-gmbh.com\/index.php\/wp-json\/wp\/v2\/pages"}],"about":[{"href":"https:\/\/almaz-gmbh.com\/index.php\/wp-json\/wp\/v2\/types\/page"}],"author":[{"embeddable":true,"href":"https:\/\/almaz-gmbh.com\/index.php\/wp-json\/wp\/v2\/users\/1"}],"replies":[{"embeddable":true,"href":"https:\/\/almaz-gmbh.com\/index.php\/wp-json\/wp\/v2\/comments?post=574"}],"version-history":[{"count":1,"href":"https:\/\/almaz-gmbh.com\/index.php\/wp-json\/wp\/v2\/pages\/574\/revisions"}],"predecessor-version":[{"id":582,"href":"https:\/\/almaz-gmbh.com\/index.php\/wp-json\/wp\/v2\/pages\/574\/revisions\/582"}],"wp:attachment":[{"href":"https:\/\/almaz-gmbh.com\/index.php\/wp-json\/wp\/v2\/media?parent=574"}],"curies":[{"name":"wp","href":"https:\/\/api.w.org\/{rel}","templated":true}]}}